 remainder when 1991 is divided by 24?
23
Calculate the remainder when 3814 is divided by 24.
22
What is the remainder when 314 is divided by 20?
14
Calculate the remainder when 2621 is divided by 82.
79
Calculate the remainder when 893 is divided by 24.
5
What is the remainder when 415 is divided by 76?
35
Calculate the remainder when 903 is divided by 222.
15
Calculate the remainder when 8635 is divided by 120.
115
What is the remainder when 70 is divided by 30?
10
What is the remainder when 2483 is divided by 39?
26
Calculate the remainder when 7718 is divided by 10.
8
What is the remainder when 22 is divided by 2?
0
What is the remainder when 1058 is divided by 64?
34
Calculate the remainder when 715 is divided by 30.
25
Calculate the remainder when 33 is divided by 14.
5
Calculate the remainder when 149 is divided by 52.
45
What is the remainder when 753 is divided by 18?
15
Calculate the remainder when 1768 is divided by 586.
10
Calculate the remainder when 264 is divided by 73.
45
Calculate the remainder when 115 is divided by 4.
3
What is the remainder when 2723 is divided by 58?
55
What is the remainder when 161 is divided by 22?
7
What is the remainder when 30 is divided by 11?
8
What is the remainder when 56 is divided by 43?
13
What is the remainder when 500 is divided by 64?
52
Calculate the remainder when 193 is divided by 60.
13
What is the remainder when 254 is divided by 159?
95
What is the remainder when 7586 is divided by 27?
26
Calculate the remainder when 52 is divided by 17.
1
Calculate the remainder when 503 is divided by 8.
7
What is the remainder when 571 is divided by 27?
4
Calculate the remainder when 35 is divided by 11.
2
Calculate the remainder when 122 is divided by 64.
58
What is the remainder when 69323 is divided by 34?
31
What is the remainder when 527 is divided by 176?
175
Calculate the remainder when 1680 is divided by 99.
96
Calculate the remainder when 526 is divided by 42.
22
What is the remainder when 261 is divided by 63?
9
What is the remainder when 25 is divided by 19?
6
What is the remainder when 120 is divided by 64?
56
Calculate the remainder when 988 is divided by 55.
53
Calculate the remainder when 859 is divided by 43.
42
Calculate the remainder when 1806 is divided by 902.
2
What is the remainder when 176 is divided by 3?
2
Calculate the remainder when 877 is divided by 173.
12
What is the remainder when 126 is divided by 83?
43
Calculate the remainder when 424 is divided by 85.
84
Calculate the remainder when 738 is divided by 31.
25
Calculate the remainder when 67 is divided by 63.
4
Calculate the remainder when 477 is divided by 96.
93
What is the remainder when 116 is divided by 106?
10
Calculate the remainder when 151 is divided by 28.
11
What is the remainder when 729 is divided by 102?
15
Calculate the remainder when 154 is divided by 3.
1
Calculate the remainder when 701 is divided by 329.
43
What is the remainder when 9115 is divided by 32?
27
Calculate the remainder when 5634 is divided by 115.
114
What is the remainder when 6495 is divided by 19?
16
Calculate the remainder when 245 is divided by 3.
2
Calculate the remainder when 30140 is divided by 9.
8
Calculate the remainder when 2231 is divided by 28.
19
Calculate the remainder when 973 is divided by 61.
58
What is the remainder when 525 is divided by 31?
29
Calculate the remainder when 116 is divided by 65.
51
Calculate the remainder when 598 is divided by 294.
10
What is the remainder when 86 is divided by 77?
9
Calculate the remainder when 91 is divided by 31.
29
What is the remainder when 1018 is divided by 15?
13
What is the remainder when 794 is divided by 38?
34
Calculate the remainder when 3110 is divided by 78.
68
Calculate the remainder when 64 is divided by 7.
1
What is the remainder when 543 is divided by 257?
29
What is the remainder when 260 is divided by 18?
8
What is the remainder when 1048 is divided by 508?
32
What is the remainder when 162 is divided by 88?
74
What is the remainder when 213 is divided by 3?
0
What is the remainder when 3079 is divided by 4?
3
What is the remainder when 22 is divided by 15?
7
What is the remainder when 78 is divided by 57?
21
Calculate the remainder when 40 is divided by 17.
6
Calculate the remainder when 322 is divided by 6.
4
Calculate the remainder when 235 is divided by 60.
55
Calculate the remainder when 882 is divided by 387.
108
Calculate the remainder when 114 is divided by 60.
54
What is the remainder when 4207 is divided by 92?
67
Calculate the remainder when 5596 is divided by 28.
24
What is the remainder when 1249 is divided by 61?
29
Calculate the remainder when 1256 is divided by 34.
32
What is the remainder when 2756 is divided by 14?
12
Calculate the remainder when 690 is divided by 63.
60
Calculate the remainder when 735 is divided by 28.
7
Calculate the remainder when 211 is divided by 54.
49
Calculate the remainder when 291 is divided by 74.
69
Calculate the remainder when 936 is divided by 19.
5
What is the remainder when 695 is divided by 79?
63
What is the remainder when 253 is divided by 52?
45
Calculate the remainder when 573 is divided by 197.
179
What is the remainder when 101 is divided by 56?
45
Calculate the remainder when 403 is divided by 112.
67
What is the remainder when 264 is divided by 82?
18
What is the remainder when 280 is divided by 245?
35
What is the remainder when 324 is divided by 21?
9
What is the remainder when 482 is divided by 69?
68
Calculate the remainder when 385 is divided by 133.
119
What is the remainder when 429 is divided by 72?
69
What is the remainder when 2548 is divided by 11?
7
What is the remainder when 186 is divided by 51?
33
Calculate the remainder when 114 is divided by 26.
10
What is the remainder when 1429 is divided by 208?
181
What is the remainder when 2003 is divided by 96?
83
Calculate the remainder when 3594 is divided by 58.
56
Calculate the remainder when 10 is divided by 1.
0
What is the remainder when 54 is divided by 9?
0
Calculate the remainder when 148 is divided by 49.
1
Calculate the remainder when 1363 is divided by 62.
61
Calculate the remainder when 11168 is divided by 19.
15
Calculate the remainder when 320 is divided by 7.
5
What is the remainder when 244 is divided by 42?
34
What is the remainder when 88 is divided by 18?
16
What is the remainder when 178 is divided by 144?
34
What is the remainder when 2027 is divided by 337?
5
What is the remainder when 117 is divided by 34?
15
What is the remainder when 489 is divided by 3?
0
What is the remainder when 92 is divided by 20?
12
What is the remainder when 6259 is divided by 1249?
14
What is the remainder when 196 is divided by 71?
54
What is the remainder when 334 is divided by 37?
1
Calculate the remainder when 91 is divided by 7.
0
Calculate the remainder when 10015 is divided by 27.
25
Calculate the remainder when 187 is divided by 59.
10
What is the remainder when 1929 is divided by 72?
57
What is the remainder when 1937 is divided by 43?
2
Calculate the remainder when 258 is divided by 56.
34
What is the remainder when 288 is divided by 37?
29
What is the remainder when 439 is divided by 116?
91
What is the remainder when 308 is divided by 10?
8
What is the remainder when 250 is divided by 48?
10
Calculate the remainder when 1163 is divided by 90.
83
Calculate the remainder when 51485 is divided by 16.
13
What is the remainder when 689 is divided by 10?
9
Calculate the remainder when 178 is divided by 20.
18
Calculate the remainder when 79 is divided by 47.
32
What is the remainder when 125 is divided by 32?
29
Calculate the remainder when 867 is divided by 10.
7
Calculate the remainder when 1646 is divided by 12.
2
Calculate the remainder when 128 is divided by 111.
17
Calculate the remainder when 43 is divided by 9.
7
What is the remainder when 420 is divided by 43?
33
What is the remainder when 567 is divided by 95?
92
Calculate the remainder when 3941 is divided by 3935.
6
What is the remainder when 479 is divided by 9?
2
Calculate the remainder when 174 is divided by 35.
34
What is the remainder when 93598 is divided by 390?
388
What is the remainder when 1291 is divided by 22?
15
Calculate the remainder when 6768 is divided 